culate the greatest common factor of 30000 and 576.
48
Calculate the greatest common factor of 7358 and 101314.
566
What is the highest common divisor of 5 and 2360?
5
Calculate the greatest common factor of 222672 and 336.
48
Calculate the greatest common factor of 2558 and 22.
2
Calculate the greatest common divisor of 3170 and 26.
2
What is the greatest common divisor of 161629 and 13?
13
What is the highest common factor of 474111 and 99?
99
What is the greatest common factor of 11585 and 91?
7
What is the greatest common factor of 434 and 580314?
14
What is the greatest common factor of 255088 and 16?
16
What is the highest common factor of 698858 and 212?
106
Calculate the highest common factor of 1317 and 2287190.
439
Calculate the greatest common factor of 358290 and 540.
270
What is the highest common factor of 714 and 54?
6
Calculate the highest common divisor of 11263 and 56.
7
Calculate the highest common factor of 520 and 1197200.
40
What is the greatest common divisor of 1511468 and 161?
161
What is the highest common factor of 933 and 642?
3
Calculate the highest common divisor of 83 and 4211503.
83
What is the greatest common divisor of 3115 and 476?
7
What is the greatest common factor of 111270 and 30?
30
What is the highest common factor of 1490048 and 448?
448
Calculate the highest common divisor of 1266205 and 785.
785
What is the greatest common factor of 76102 and 65?
13
What is the highest common divisor of 52 and 3908?
4
What is the greatest common divisor of 4653 and 66?
33
What is the greatest common divisor of 12 and 1815396?
12
What is the highest common divisor of 5940 and 1818?
18
What is the highest common factor of 4098725 and 1005?
335
What is the greatest common divisor of 273 and 28821?
39
What is the highest common factor of 66 and 1048674?
66
Calculate the greatest common factor of 2560 and 2184.
8
Calculate the highest common factor of 33 and 5268659.
11
What is the highest common divisor of 198 and 66078?
18
What is the highest common divisor of 508759 and 17?
17
What is the greatest common divisor of 621 and 72864?
207
What is the highest common factor of 2265 and 1140?
15
What is the highest common factor of 2907072 and 336?
336
Calculate the greatest common divisor of 35861 and 763.
763
What is the highest common divisor of 115370 and 664?
166
Calculate the greatest common factor of 102 and 12570.
6
Calculate the highest common factor of 212 and 179246.
106
Calculate the greatest common divisor of 108537 and 1950.
39
What is the greatest common divisor of 2781 and 122673?
309
What is the greatest common factor of 65312 and 976?
16
What is the highest common divisor of 65540 and 7540?
580
What is the highest common factor of 28468 and 65347?
647
Calculate the highest common factor of 18 and 487002.
6
Calculate the highest common divisor of 764 and 509779.
191
What is the highest common divisor of 41 and 8817?
1
What is the greatest common factor of 24 and 2274?
6
What is the greatest common factor of 20059 and 65?
13
Calculate the highest common divisor of 3652 and 87814.
166
What is the highest common divisor of 197312 and 1136?
16
Calculate the greatest common factor of 188697 and 93.
93
What is the greatest common factor of 832 and 628992?
832
What is the greatest common divisor of 5198 and 242046?
226
Calculate the greatest common divisor of 2280 and 8376.
24
What is the highest common divisor of 62858 and 176714?
1186
What is the greatest common factor of 523190 and 20372?
926
Calculate the highest common divisor of 26 and 70187.
13
Calculate the highest common divisor of 6847 and 697.
41
What is the highest common divisor of 632580 and 3?
3
What is the highest common divisor of 30 and 6156230?
10
Calculate the highest common divisor of 33 and 309.
3
What is the greatest common divisor of 207 and 3678804?
207
Calculate the highest common divisor of 137562 and 4848.
606
What is the greatest common factor of 55 and 36410?
55
What is the highest common divisor of 135 and 89856?
27
What is the highest common factor of 291332 and 3114?
346
What is the greatest common factor of 39514 and 86759?
859
What is the greatest common factor of 8585 and 84235?
85
Calculate the highest common factor of 3744 and 1809.
9
Calculate the greatest common factor of 3952 and 89024.
208
What is the highest common factor of 35471 and 395?
79
Calculate the greatest common factor of 2702 and 1725227.
1351
What is the highest common divisor of 22904 and 1848?
56
What is the highest common factor of 1593040 and 10?
10
Calculate the highest common divisor of 240251 and 66.
11
Calculate the greatest common divisor of 445113 and 76.
19
Calculate the highest common factor of 4407445 and 140.
35
Calculate the highest common divisor of 27075 and 226347.
1083
Calculate the highest common divisor of 13806 and 6318.
234
What is the greatest common factor of 1268 and 2610812?
1268
Calculate the greatest common divisor of 155584 and 5083.
221
Calculate the highest common factor of 176077 and 44.
11
Calculate the highest common factor of 2223 and 216828.
171
Calculate the greatest common divisor of 270 and 3705930.
90
Calculate the greatest common factor of 99 and 97152.
33
What is the highest common divisor of 450 and 1035?
45
Calculate the greatest common divisor of 97443 and 401.
401
Calculate the greatest common factor of 460 and 135470.
230
What is the greatest common factor of 72 and 825732?
36
Calculate the highest common factor of 1470 and 310.
10
Calculate the highest common divisor of 2 and 262102.
2
What is the highest common factor of 224436 and 59?
59
Calculate the highest common factor of 24616 and 34.
34
Calculate the highest common factor of 165201 and 848.
53
Calculate the greatest common divisor of 122 and 142069.
61
Calculate the greatest common divisor of 9735 and 1770.
885
Calculate the greatest common divisor of 491 and 3081516.
491
What is the highest common divisor of 136005 and 375?
15
Calculate the highest common factor of 219199 and 4469.
109
Calculate the greatest common divisor of 2632 and 235.
47
What is the greatest common divisor of 180849 and 69?
69
What is the highest common factor of 60 and 237144?
12
What is the highest common factor of 197 and 363859?
197
Calculate the highest common factor of 559910 and 365.
365
Calculate the highest common factor of 23796 and 342.
18
Calculate the highest common divisor of 1010 and 15290.
10
Calculate the highest common factor of 18004 and 28.
28
What is the highest common divisor of 715148 and 28?
28
Calculate the greatest common factor of 18192 and 41136.
48
What is the greatest common divisor of 68 and 204646?
34
Calculate the greatest common divisor of 9 and 1378233.
9
What is the greatest common factor of 340 and 485180?
340
Calculate the highest common factor of 13 and 158119.
13
Calculate the highest common divisor of 10 and 1076030.
10
What is the greatest common factor of 22 and 998?
2
What is the highest common divisor of 540064 and 42?
14
Calculate the greatest common factor of 16 and 1292856.
8
Calculate the highest common factor of 68143 and 166.
83
Calculate the highest common divisor of 12649687 and 19.
19
What is the greatest common divisor of 560 and 468720?
560
What is the greatest common factor of 72 and 17352?
72
Calculate the greatest common divisor of 40620 and 3580.
20
Calculate the greatest common divisor of 999 and 629.
37
Calculate the greatest common divisor of 171280 and 160.
80
Calculate the greatest common factor of 1128 and 3408.
24
Calculate the greatest common factor of 4494 and 903.
21
What is the greatest common factor of 5255 and 215?
5
Calculate the highest common factor of 3750 and 510.
30
Calculate the highest common divisor of 52970 and 70.
10
Calculate the greatest common divisor of 2052988 and 56.
28
What is the greatest common divisor of 673844 and 2204?
116
What is the highest common divisor of 340 and 1860?
20
What is the highest common divisor of 296 and 824?
8
Calculate the greatest common divisor of 2904 and 86757.
363
Calculate the greatest common factor of 192487 and 23.
23
What is the greatest common divisor of 32 and 70208?
32
Calculate the greatest common factor of 2705334 and 361.
361
What is the greatest com